{"id":13,"date":"2026-02-06T21:55:00","date_gmt":"2026-02-06T21:55:00","guid":{"rendered":"https:\/\/ssaki-urivp.tuke.sk\/?page_id=13"},"modified":"2026-03-19T11:36:05","modified_gmt":"2026-03-19T10:36:05","slug":"ocenenia-clenov-pobocky-ssaki-pri-urivp","status":"publish","type":"page","link":"https:\/\/ssaki-urivp.tuke.sk\/?page_id=13","title":{"rendered":"OCENENIA"},"content":{"rendered":"\n<h2 class=\"wp-block-heading\">2026<\/h2>\n\n\n\n<h3 class=\"wp-block-heading\">J\u00e1n Ka\u010dur<\/h3>\n\n\n\n<h4 class=\"wp-block-heading\">doc. Ing. PhD.&nbsp;<\/h4>\n\n\n\n<p>Strieborna medaila ZSVTS<\/p>\n\n\n\n<h3 class=\"wp-block-heading\">Tom\u00e1\u0161 \u0160kovr\u00e1nek<\/h3>\n\n\n\n<h4 class=\"wp-block-heading\">doc. Ing. PhD.&nbsp;<\/h4>\n\n\n\n<p>Strieborna medaila ZSVTS<\/p>\n\n\n\n<h2 class=\"wp-block-heading\">2025<\/h2>\n\n\n\n<h3 class=\"wp-block-heading\">Marcela Pavl\u00ed\u010dkov\u00e1<\/h3>\n\n\n\n<h4 class=\"wp-block-heading\">Ing. PhD.\u00a0<\/h4>\n\n\n\n<p>\u010cestn\u00e9 uznanie ZSVTS (za obetav\u00fa pr\u00e1cu ZSVTS)<\/p>\n\n\n\n<h3 class=\"wp-block-heading\">Peter Kar\u010dm\u00e1ry<\/h3>\n\n\n\n<h4 class=\"wp-block-heading\">doc. Ing. PhD.&nbsp;<\/h4>\n\n\n\n<p>\u010cestn\u00e9 uznanie ZSVTS (za obetav\u00fa pr\u00e1cu ZSVTS)<\/p>\n\n\n\n<p>2024<\/p>\n\n\n\n<h2 class=\"wp-block-heading\">2023<\/h2>\n\n\n\n<h3 class=\"wp-block-heading\">Marcela Malind\u017e\u00e1kov\u00e1<\/h3>\n\n\n\n<h4 class=\"wp-block-heading\">doc. Ing. PhD.&nbsp;<\/h4>\n\n\n\n<p>\u010cestn\u00e9 uznanie ZSVTS (2023)<\/p>\n\n\n\n<h3 class=\"wp-block-heading\">Andrea Moj\u017ei\u0161ov\u00e1<\/h3>\n\n\n\n<h4 class=\"wp-block-heading\">RNDr. PhD.&nbsp;<\/h4>\n\n\n\n<p>\u010cestn\u00e9 uznanie ZSVTS (2023)<\/p>\n\n\n\n<h2 class=\"wp-block-heading\">2022<\/h2>\n\n\n\n<h3 class=\"wp-block-heading\">Martin Straka<\/h3>\n\n\n\n<h4 class=\"wp-block-heading\">prof. Ing. PhD.&nbsp;<\/h4>\n\n\n\n<p>Zlat\u00e1 medaila ZSVTS (2022)<\/p>\n\n\n\n<h3 class=\"wp-block-heading\">Andrea Rosov\u00e1<\/h3>\n\n\n\n<h4 class=\"wp-block-heading\">prof. Ing. PhD.&nbsp;<\/h4>\n\n\n\n<p>Strieborn\u00e1 medaila ZSVTS (2022)<\/p>\n\n\n\n<h2 class=\"wp-block-heading\">2021<\/h2>\n\n\n\n<h3 class=\"wp-block-heading\">J\u00e1n Terp\u00e1k<\/h3>\n\n\n\n<h4 class=\"wp-block-heading\">Prof. Ing. CSc.<\/h4>\n\n\n\n<p>Plaketa k v\u00fdro\u010diu vzniku ZSVTS (2021)<\/p>\n\n\n\n<h3 class=\"wp-block-heading\">Jana P\u00f3csov\u00e1<\/h3>\n\n\n\n<h4 class=\"wp-block-heading\">doc. RNDr. PhD.&nbsp;<\/h4>\n\n\n\n<p>Propag\u00e1tor vedy a techniky (2021)<\/p>\n\n\n\n<h3 class=\"wp-block-heading\">Milan Durd\u00e1n<\/h3>\n\n\n\n<h4 class=\"wp-block-heading\">doc. Ing. PhD.&nbsp;<\/h4>\n\n\n\n<p>\u010cestn\u00e9 uznanie ZSVTS (2021)<\/p>\n\n\n\n<h2 class=\"wp-block-heading\">2020<\/h2>\n\n\n\n<h3 class=\"wp-block-heading\">Ivo Petr\u00e1\u0161<\/h3>\n\n\n\n<h4 class=\"wp-block-heading\">Prof. Ing. DrSc.&nbsp;<\/h4>\n\n\n\n<p>Zlat\u00e1 medaila ZSVTS (2020)<\/p>\n\n\n\n<h3 class=\"wp-block-heading\">Marek Laciak<\/h3>\n\n\n\n<h4 class=\"wp-block-heading\">doc. Ing. PhD.&nbsp;<\/h4>\n\n\n\n<p>Strieborn\u00e1 medaila ZSVTS (2020)<\/p>\n\n\n\n<h2 class=\"wp-block-heading\">2019<\/h2>\n\n\n\n<h3 class=\"wp-block-heading\">Andrea Rosov\u00e1<\/h3>\n\n\n\n<h4 class=\"wp-block-heading\">doc. Ing. PhD.&nbsp;<\/h4>\n\n\n\n<p>\u010cestn\u00e9 uznanie ZSVTS (2019)<\/p>\n\n\n\n<h2 class=\"wp-block-heading\">2018<\/h2>\n\n\n\n<h3 class=\"wp-block-heading\">Jana P\u00f3csov\u00e1<\/h3>\n\n\n\n<h4 class=\"wp-block-heading\">doc. RNDr. PhD.&nbsp;<\/h4>\n\n\n\n<p>\u010cestn\u00e9 uznanie ZSVTS (2018)<\/p>\n\n\n\n<h3 class=\"wp-block-heading\">Tom\u00e1\u0161 \u0160kovr\u00e1nek<\/h3>\n\n\n\n<h4 class=\"wp-block-heading\">Ing. PhD.&nbsp;<\/h4>\n\n\n\n<p>\u010cestn\u00e9 uznanie ZSVTS (2018)<\/p>\n\n\n\n<h2 class=\"wp-block-heading\">2017<\/h2>\n\n\n\n<h3 class=\"wp-block-heading\">Patrik Flegner<\/h3>\n\n\n\n<h4 class=\"wp-block-heading\">doc. Ing. PhD.&nbsp;<\/h4>\n\n\n\n<p>\u010destn\u00e9 uznanie ZSVTS (2017)<\/p>\n\n\n\n<h3 class=\"wp-block-heading\">J\u00e1n Ka\u010dur<\/h3>\n\n\n\n<h4 class=\"wp-block-heading\">doc. Ing. PhD.&nbsp;<\/h4>\n\n\n\n<p>\u010destn\u00e9 uznanie ZSVTS (2017)<\/p>\n\n\n\n<h3 class=\"wp-block-heading\">J\u00e1n Terp\u00e1k<\/h3>\n\n\n\n<h4 class=\"wp-block-heading\">Prof. Ing. CSc.<\/h4>\n\n\n\n<p>zlat\u00e1 medaila ZSVTS (2017)<\/p>\n\n\n\n<h2 class=\"wp-block-heading\">2016<\/h2>\n\n\n\n<h3 class=\"wp-block-heading\">Ivo Petr\u00e1\u0161<\/h3>\n\n\n\n<h4 class=\"wp-block-heading\">Prof. Ing. DrSc.&nbsp;<\/h4>\n\n\n\n<p>strieborn\u00e1 medaila ZSVTS (2016)<\/p>\n\n\n\n<h3 class=\"wp-block-heading\">Martin Straka<\/h3>\n\n\n\n<h4 class=\"wp-block-heading\">doc. Ing. PhD.&nbsp;<\/h4>\n\n\n\n<p>strieborn\u00e1 medaila ZSVTS (2016)<\/p>\n\n\n\n<h3 class=\"wp-block-heading\">Marek Laciak<\/h3>\n\n\n\n<h4 class=\"wp-block-heading\">doc. Ing. PhD.&nbsp;<\/h4>\n\n\n\n<p>\u010destn\u00e9 uznanie ZSVTS (2016)<\/p>\n\n\n\n<h2 class=\"wp-block-heading\">2014<\/h2>\n\n\n\n<h3 class=\"wp-block-heading\">J\u00e1n Spi\u0161\u00e1k<\/h3>\n\n\n\n<h4 class=\"wp-block-heading\">doc. Ing. PhD.&nbsp;<\/h4>\n\n\n\n<p>strieborn\u00e1 medaila ZSVTS (2014)<\/p>\n\n\n\n<h2 class=\"wp-block-heading\">2013<\/h2>\n\n\n\n<h3 class=\"wp-block-heading\">J\u00e1n Terp\u00e1k<\/h3>\n\n\n\n<h4 class=\"wp-block-heading\">Prof. Ing. CSc.<\/h4>\n\n\n\n<p>strieborn\u00e1 medaila ZSVTS (2013)<\/p>\n\n\n\n<h3 class=\"wp-block-heading\">Karol Kost\u00far<\/h3>\n\n\n\n<h4 class=\"wp-block-heading\">Prof. Ing. CSc.<\/h4>\n\n\n\n<p>zlat\u00e1 medaila (2013)<\/p>\n\n\n\n<h3 class=\"wp-block-heading\">Ivo Petr\u00e1\u0161<\/h3>\n\n\n\n<h4 class=\"wp-block-heading\">Prof. Ing. DrSc.&nbsp;<\/h4>\n\n\n\n<p>\u010destn\u00e9 uznanie ZSVTS (2013)<\/p>\n\n\n\n<h3 class=\"wp-block-heading\">Martin Straka<\/h3>\n\n\n\n<h4 class=\"wp-block-heading\">doc. Ing. PhD.&nbsp;<\/h4>\n\n\n\n<p>\u010destn\u00e9 uznanie ZSVTS (2013)<\/p>\n\n\n\n<h2 class=\"wp-block-heading\">2010<\/h2>\n\n\n\n<h3 class=\"wp-block-heading\">Karol Kost\u00far<\/h3>\n\n\n\n<h4 class=\"wp-block-heading\">Prof. Ing. CSc.<\/h4>\n\n\n\n<p>strieborn\u00e1 medaila (2010)<\/p>\n\n\n\n<h2 class=\"wp-block-heading\">2009<\/h2>\n\n\n\n<h3 class=\"wp-block-heading\">J\u00e1n Terp\u00e1k<\/h3>\n\n\n\n<h4 class=\"wp-block-heading\">Prof. Ing. CSc.<\/h4>\n\n\n\n<p>\u010destn\u00e9 uznanie ZSVTS (2009)<\/p>\n\n\n\n<h3 class=\"wp-block-heading\">\u013dubom\u00edr Dor\u010d\u00e1k<\/h3>\n\n\n\n<h4 class=\"wp-block-heading\">Prof. Ing. CSc.<\/h4>\n\n\n\n<p>\u010destn\u00e9 uznanie ZSVTS (2009)<\/p>\n\n\n\n<h2 class=\"wp-block-heading\">2007<\/h2>\n\n\n\n<h3 class=\"wp-block-heading\">Du\u0161an Malind\u017e\u00e1k<\/h3>\n\n\n\n<h4 class=\"wp-block-heading\">Prof. Ing. CSc.<\/h4>\n\n\n\n<p>zlat\u00e1 medaila (2007)<\/p>\n\n\n\n<h3 class=\"wp-block-heading\">Imrich Ko\u0161tial<\/h3>\n\n\n\n<h4 class=\"wp-block-heading\">Prof. Ing. CSc.<\/h4>\n\n\n\n<p>zlat\u00e1 medaila ZSVTS (2007)<\/p>\n\n\n\n<h3 class=\"wp-block-heading\">J\u00e1n Terp\u00e1k<\/h3>\n\n\n\n<h4 class=\"wp-block-heading\">Prof. Ing. CSc.<\/h4>\n\n\n\n<p>propag\u00e1tor vedy a techniky (2007)<\/p>\n\n\n\n<h2 class=\"wp-block-heading\">2005<\/h2>\n\n\n\n<h3 class=\"wp-block-heading\">Ivo Petr\u00e1\u0161<\/h3>\n\n\n\n<h4 class=\"wp-block-heading\">Prof. Ing. DrSc.&nbsp;<\/h4>\n\n\n\n<p>Cena ministra \u0161kolstva &#8211; Vedec roka do 35 rokov (2005)<\/p>\n\n\n\n<h2 class=\"wp-block-heading\">2004<\/h2>\n\n\n\n<h3 class=\"wp-block-heading\">Du\u0161an Malind\u017e\u00e1k<\/h3>\n\n\n\n<h4 class=\"wp-block-heading\">Prof. Ing. CSc.<\/h4>\n\n\n\n<p>strieborn\u00e1 medaila ZSVTS (2004)<\/p>\n\n\n\n<h2 class=\"wp-block-heading\">2003<\/h2>\n\n\n\n<h3 class=\"wp-block-heading\">Imrich Ko\u0161tial<\/h3>\n\n\n\n<h4 class=\"wp-block-heading\">Prof. Ing. CSc.<\/h4>\n\n\n\n<p>strieborn\u00e1 medaila ZSVTS (2003)<\/p>\n","protected":false},"excerpt":{"rendered":"<p>2026 J\u00e1n Ka\u010dur doc. Ing. PhD.&nbsp; Strieborna medaila ZSVTS Tom\u00e1\u0161 \u0160kovr\u00e1nek doc. Ing. PhD.&nbsp; Strieborna medaila ZSVTS 2025 Marcela Pavl\u00ed\u010dkov\u00e1 Ing. PhD.\u00a0 [&hellip;]<\/p>\n","protected":false},"author":1,"featured_media":0,"parent":0,"menu_order":0,"comment_status":"closed","ping_status":"closed","template":"","meta":{"footnotes":""},"class_list":["post-13","page","type-page","status-publish","hentry"],"_links":{"self":[{"href":"https:\/\/ssaki-urivp.tuke.sk\/index.php?rest_route=\/wp\/v2\/pages\/13","targetHints":{"allow":["GET"]}}],"collection":[{"href":"https:\/\/ssaki-urivp.tuke.sk\/index.php?rest_route=\/wp\/v2\/pages"}],"about":[{"href":"https:\/\/ssaki-urivp.tuke.sk\/index.php?rest_route=\/wp\/v2\/types\/page"}],"author":[{"embeddable":true,"href":"https:\/\/ssaki-urivp.tuke.sk\/index.php?rest_route=\/wp\/v2\/users\/1"}],"replies":[{"embeddable":true,"href":"https:\/\/ssaki-urivp.tuke.sk\/index.php?rest_route=%2Fwp%2Fv2%2Fcomments&post=13"}],"version-history":[{"count":5,"href":"https:\/\/ssaki-urivp.tuke.sk\/index.php?rest_route=\/wp\/v2\/pages\/13\/revisions"}],"predecessor-version":[{"id":142,"href":"https:\/\/ssaki-urivp.tuke.sk\/index.php?rest_route=\/wp\/v2\/pages\/13\/revisions\/142"}],"wp:attachment":[{"href":"https:\/\/ssaki-urivp.tuke.sk\/index.php?rest_route=%2Fwp%2Fv2%2Fmedia&parent=13"}],"curies":[{"name":"wp","href":"https:\/\/api.w.org\/{rel}","templated":true}]}}